 = -5*m**3 - 142*m**2 - 56*m + 9. Let g be y(-28). Calculate i(g).
-2
Let x(y) = -3*y**2 - 122*y - 93. Let q be x(-40). Let u(t) = 4*t**3 + 51*t**2 - 11*t + 5. Determine u(q).
-21
Let g(n) = -2*n + 3. Let q be 2/((-8)/(-6)) + 9/6. Suppose p - 11 = z, z - q*p + 15 = -4. Calculate g(z).
17
Let z(h) = 11*h - 9. Let s(j) = -17*j + 13. Let w(y) = 5*s(y) + 8*z(y). Suppose 7 - 3 = 2*u. Suppose 5*c - u = 23. What is w(c)?
8
Let a(w) = 22*w**2 - 69*w - 589. Let x be a(7). Let r(m) = -12 + 3*m - 2*m + 0*m. Determine r(x).
-6
Let n(j) = 3*j - 24. Let q(a) = a**2 - 5*a - 979. Let r be q(-29). What is n(r)?
-3
Let t(q) = -q**2 - 6*q + 37. Suppose 3*w = 4*w - 9*o + 79, -5*w - o = 27. Give t(w).
30
Let f = 3382 + -3353. Let s(v) = v**2 - 32*v + 37. Determine s(f).
-50
Let o(r) = -21*r - 264. Let s be o(-9). Let l be 30/s*105/(-6). Let i(b) = -2*b + 3. Calculate i(l).
-11
Suppose m + 9*c = 31, 28*m = 30*m + c - 11. Let k(q) = -5*q - 8. Give k(m).
-28
Let c be 2010/390 + -35 + 4/(-26). Let q(s) = -s**2 - 26*s + 137. Give q(c).
17
Let f = 32 - 34. Let z be (f/(-4))/(-1 - (-5)/6). Let o be 1 - (z/(-3) - 6). Let h(m) = -2*m - 3. What is h(o)?
-15
Suppose 361*f - 16 = 363*f. Let a(s) = 3*s**2 - 5*s - 7. Let b(c) = 4*c**2 - 4*c - 6. Let r(m) = -5*a(m) + 4*b(m). What is r(f)?
3
Let r(f) = 8*f**2 + 16*f - 37. Let i be 2/20 - 3800/(-2000). What is r(i)?
27
Let y(v) = 12*v**2 - 5*v. Suppose 10*r = 44*r - 102. Let l(g) = 24*g**2 - 9*g - 1. Let s(z) = r*l(z) - 5*y(z). Calculate s(-1).
11
Let v = -1 - 4. Let x(o) = 56 - 200 + 57 + 40 + o + 54. Give x(v).
2
Let r = -97 + 102. Let y be 0*(2 - r/5) + -3. Let q(b) = 3*b + 4. Give q(y).
-5
Let d(m) = 189*m**3 + 197*m**3 + 7*m**2 - 31*m + 40*m - 385*m**3 - 8. Give d(-5).
-3
Let h = 45 - 97. Let w = h - -54. Let v(p) = -2*p**2 - 2*p + 3*p - 7 + 3*p + 3*p**w. Determine v(-6).
5
Let y(f) be the third derivative of -f**6/60 - 19*f**5/60 + 7*f**4/12 + 17*f**3/3 - 3*f**2 - 1208*f. What is y(-10)?
-6
Let z(y) be the first derivative of -82 + 8*y - 1/2*y**2. What is z(5)?
3
Let f(s) be the second derivative of 149*s + 1/12*s**4 + 0 - s**2 - 5/3*s**3. Determine f(5).
-27
Let j(y) be the first derivative of 41*y**2/2 - 296*y - 4115. What is j(7)?
-9
Let t(c) = -c + 2. Let f(p) = -10. Let w(q) = -f(q) + t(q). Let l(o) = o + 8. Suppose -4*r = 4*d + 14 - 2, 3*d + 4*r = -4. Let s be l(d). Give w(s).
12
Let b(a) = -31*a**2 - a. Suppose -80*g + 18 = -98*g. Determine b(g).
-30
Let b(i) = -26*i**2 - i + 2. Let k be b(-1). Let f = k + 23. Let j(o) = o**3 + o - 1. What is j(f)?
-1
Let p(n) be the second derivative of -5*n**4/12 + 35*n**2 + n - 82. Let y(c) be the first derivative of p(c). Suppose 8 = -3*r - r. Calculate y(r).
20
Let x(w) be the second derivative of -7/2*w**2 + 1/60*w**5 - 7*w + 0 + 1/24*w**4 + 2/3*w**3. Let m(q) be the first derivative of x(q). Give m(-4).
16
Let i(q) = -130*q + 17. Let w(n) = 14*n + 1. Let z(o) = -i(o) - 9*w(o). Give z(7).
2
Let u(q) = 7*q**3 - q**2 - 2*q + 2. Let j be u(1). Let z(o) = j*o + 6 + o - o - 4*o. Suppose 42*b - 57*b = 90. Calculate z(b).
-6
Suppose 1 = 3*r - 14. Let z be (-14)/(-84) - (-17)/6. Let y(i) = 3 - 2 - 5*i**2 + i**z - 3*i - 4*i + 5*i. Determine y(r).
-9
Let k = -10 + 22. Suppose -u - k = 3*u. Let c(z) = -z - 4 + 3*z + 2*z + 0 + 1. Calculate c(u).
-15
Let u(z) = 9*z**2 - 112*z + 230. Let f(w) = 3*w**2 - 37*w + 70. Let n(x) = -10*f(x) + 3*u(x). Determine n(11).
1
Suppose -4*n + 3 = -5*n. Let m be (-17 - -13) + 2/(4/3378). Let d(r) = -m + 7*r + r**2 + 1685. What is d(n)?
-12
Let k(n) = 10*n - 7. Let j(y) = 50*y - 34. Let w(o) = 3*j(o) - 14*k(o). Suppose 36 = -7*h + 64. Determine w(h).
36
Let a(j) = -j - 11. Let c be a(-46). Let d(y) = -10*y + 356. Let t be d(c). Let n(b) = -2*b + 8. What is n(t)?
-4
Let y = 3210 - 3210. Let m(p) = -p**2 - 35. Determine m(y).
-35
Let o be 200/(-700) + 39/14. Let l(n) be the first derivative of -9 - o*n**2 - n. Determine l(-1).
4
Let w(u) = 2*u**2 - 14*u + 6. Let t(k) = 3*k**2 - 27*k + 12. Suppose 47 - 17 = -10*b. Let s(p) = b*t(p) + 5*w(p). Give s(-11).
-6
Suppose -153*z - 18 = -150*z. Let v = -19 + 21. Let u(l) = l**2 + l - v + 5*l - l + 1. Give u(z).
5
Let p be 216/189 - (-145)/(-35). Let j(x) = x - 14. Give j(p).
-17
Let h(d) be the first derivative of d**3/3 + 2*d**2 - 3*d + 114. What is h(-5)?
2
Suppose 0 = -2*d - 5*j - 22, -j = 3*d - 0*j + 20. Let f = d + 4. Let u(a) = -2 - 3*a + a**2 + 3 + 2 + 4*a - 5. Give u(f).
0
Suppose -675 = -122*q - 55 + 112. Let r(y) = y**3 - 3*y**2 - 16*y - 4. What is r(q)?
8
Let k(u) be the third derivative of -u**6/180 - u**5/10 + u**4/4 + 24*u**3 - 2*u**2 + 74. Let a(f) be the first derivative of k(f). What is a(-7)?
-8
Let q = -614 - -653. Let z(c) = -50*c + 37 + 4*c**2 - q + 47*c. What is z(3)?
25
Let q(t) be the first derivative of t**4/4 + 5*t**3/3 - t**2 + 5*t + 63. Give q(-4).
29
Let g(j) be the first derivative of 1/4*j**4 - 4/3*j**3 + 3/2*j**2 - 153 + j. Determine g(4).
13
Suppose 42*g - 171 = -g - 128*g. Let v(r) = -1 + 26*r**2 - r + 0*r + 2*r. Determine v(g).
26
Let b(y) = -14*y - 4. Let p be b(0). Let g(n) = -6*n**3 - 9*n**2 - 6*n - 3. Let h(o) = -6*o**3 - 8*o**2 - 5*o - 2. Let u(f) = p*g(f) + 5*h(f). What is u(-2)?
36
Let j(o) = 46*o**3 - 4 - 51*o**3 - 4*o + 9*o**2 + 3 + 2. Let a(y) = 9*y**3 - 17*y**2 + 7*y - 2. Let u(r) = 4*a(r) + 7*j(r). Let d = 3 + 2. Determine u(d).
-1
Suppose -1795*f = -1800*f - 25. Let v(z) = z**3 + 9*z**2 + 9*z - 1. Give v(f).
54
Suppose -9*v - 7 = -10*v. Let c(a) = a**3 - 5*a**2 - 8*a + 3. Calculate c(v).
45
Suppose 0 = 2*o - 4*o - 5*f + 16, 5*o = 2*f + 40. Let w(v) = 31*v**2 - 11*v + 11 - 13*v**2 - 6*v**2 - 5*v**2 - o*v**2. What is w(-12)?
-1
Let o(k) = -11*k - 1. Let z(d) = -35*d. Let w(x) = -2*x. Let i(r) = -20*w(r) + z(r). Let v(q) = -5*i(q) - 2*o(q). Suppose 0 = -3*l - 0*l - 9. What is v(l)?
11
Let x(q) = 4*q**2 - 13*q - 11. Let n(w) = 9*w**2 - 28*w - 23. Let a be 1073/(-333) - 4/(-18). Let t(d) = a*n(d) + 7*x(d). Determine t(7).
-8
Suppose -4*x = x. Suppose 4*l + x*l - 5*v - 7 = 0, 4*l = -v + 37. Let q(z) be the second derivative of z**3/3 + 10*z - 23. What is q(l)?
16
Suppose 28 + 170 = 3*b. Suppose 20*p - 19*p = b. Let g(o) = -131*o + 66*o + p*o - 6. Give g(5).
-1
Let x(q) = -q**3 - 6*q**2 - 14*q - 42. Let p be x(-5). Let g(u) = -11*u - 15. Calculate g(p).
-48
Suppose 0 = -3*b + 15, -4*x - 181 = -x - 2*b. Let h = x - -59. Let z(u) = u**2 - 5*u**3 + 6*u**3 + 3 + h - 10*u**2 + 8*u. Give z(8).
5
Let s(t) = 12*t - 140. Let f(d) = -12*d + 144. Let o(n) = -8*f(n) - 9*s(n). What is o(8)?
12
Let c be (-42)/(-3) - (-4)/(-2). Suppose 0 = -4*h + c, -w - h = -5*h + 10. Let n(l) = -l**3 - l + 2*l + 410*l**2 - 4 - 405*l**w. Determine n(3).
17
Let i(s) = -3763*s - 3731*s + 7 + 7510*s + 2*s**2. Determine i(-8).
7
Let w(t) be the first derivative of t**3/3 + 11*t**2 - 232*t - 264. Let q(j) be the first derivative of w(j). Give q(-13).
-4
Let v(u) = u**3 + 7*u**2 - 6*u + 11. Let l(n) = -129*n - 16. Let s be l(1). Let r = 137 + s. What is v(r)?
-5
Let i(m) = m**2 - 39. Let z be 12/114 + (-10080)/(-1710). Give i(z).
-3
Suppose -5*f - 9 = 16. Let m(o) = -6*o - 2511*o**2 + o**3 - 2523*o**2 + 1 - 6 + 5038*o**2. Determine m(f).
0
Let q(o) be the second derivative of o**7/840 - o**6/90 - o**5/40 - o**3/6 + 9*o**2/2 - 4*o + 6. Let l(m) be the second derivative of q(m). Determine l(4).
-12
Let y = -1687 + 1673. Let k(u) = u**3 - 21*u + 12*u**2 + u**2 + 13 + 8*u. What is k(y)?
-1
Let b be -5*-1*(1 - 2). Let n(r) be the third derivative of 1/6*r**4 + 0 + 1/60*r**5 - 124*r**2 + 1/2*r**3 + 0*r. Calculate n(b).
8
Let n(s) = 21264 + s - 4*s**2 + 3*s**2 - 21258 + 4*s + 0*s. Suppose 5*d = -5*r + 30, -3*r = -4*r + d - 2. Suppose -r*l + 35 = 3*l. Give n(l).
-8
Suppose 3*u = -2*k + 4*k + 5, -3*u - 2*k + 25 = 0. Let l(y) be the second derivative of -y**3/6 + 5*y**2/2 - 1563*y + 5. Determine l(u).
0
Let q = 141 + -141. Suppose 0 = -q*a - 9*a - 9. Let i(g) = -28*g. Calculate i(a).
28
Let x(j) = -8*j - 32. Let o be (-7)/(-42) - ((-30)/(-105))/((-36)/(-651)). What is x(o)?
8
Let m be 2/(-6) + (-32)/(-6). Let x(n) = n**3 - 3*n**2 - 16*n - 3. Calculate x(m).
-33
Let w(d) = 9*d + 168. Let i = 29659 - 29678. Determine w(i).
-3
Suppose -24*f = -22*f - 26. Let q be 18/24 - f/(-4). Suppose -q*o = -6*o + 14. Let g(x) = -x**2 + 5